g) be the third derivative of -335*g**4/24 + 4*g**2. Let l be h(-5). Suppose 3*p = -2*p + l. Is p a composite number?
True
Suppose 2*j = -5*c + 70493, -5*c + j - 6*j + 70490 = 0. Is c a prime number?
False
Suppose 3*j + 2*j = 0. Suppose j = -2*p - 0*p. Suppose -4*w + 3*w + 19 = p. Is w composite?
False
Suppose -2*x + 17159 = 5*d, 2*d + 3*x - 5059 = 1798. Is d a composite number?
False
Let x = -1 - 4. Let k(r) be the second derivative of 11*r**4/12 + r**3/2 - 3*r**2/2 - 45*r. Is k(x) a composite number?
False
Let h be -2164*((-1)/6)/((-6)/(-27)). Let b = 3016 - h. Is b a prime number?
False
Suppose -w + 6*w = 5. Suppose 0 = -4*z - 4 - 12. Is (664/z)/(w/(-1)) a composite number?
True
Let v be (1 - 21/12)*-12. Suppose 4*d - v*d = -3*b + 726, 5*b = -4*d + 1173. Is b composite?
True
Suppose 0*b + b = 77651. Is b a prime number?
False
Let g(j) be the second derivative of j**5/20 - 5*j**4/6 - 3*j**3/2 - 8*j**2 + 8*j. Let i be g(11). Let f(y) = 8*y**2 + 7*y - 11. Is f(i) prime?
False
Let r(m) = -7*m**3 - 6*m**2 + 12*m + 25. Is r(-9) a composite number?
True
Suppose -4*x + 1666 = 3*k, 0 = 17*x - 18*x - 3*k + 421. Is x a composite number?
True
Suppose 0*q - 4*q - 4 = 0. Let m be q/1*(8 - 1). Let o(s) = s**2 - 6*s - 2. Is o(m) prime?
True
Suppose -1568 = h + 1293. Let p = h - -4618. Is p composite?
True
Let k = 18283 - -3984. Is k composite?
True
Let z(h) = 5*h + 17. Let o be z(-13). Let g = 30 + o. Let j = -3 - g. Is j a prime number?
False
Suppose -8*c - 5*y = -3*c - 25, 2*y - 2 = 2*c. Suppose 3*p - 5*w = -2*p + 450, -c*p - 4*w = -210. Is p prime?
False
Suppose -7*m + 96 = -86. Suppose 2228 = 2*n + m. Is n a prime number?
False
Let m be (-26)/(-143) - 84/(-22). Suppose w + 4 = -m. Is (w - -4)/((-4)/58) a prime number?
False
Let h = -16 + 16. Suppose h = 4*a + 2 + 86. Is ((-118)/(-5))/(a/(-55)) a prime number?
True
Let z = 1010 - 57. Is z prime?
True
Let x(v) = -15*v**3 + 7 + v + 13*v**3 + 2 - 7*v**2. Is x(-5) a prime number?
True
Suppose 0 = -5*p - 16 - 14. Is (-1)/p - (-1805)/6 composite?
True
Suppose 0 = -i - 4*v + 9*v + 22, -6 = 5*i + 4*v. Suppose 13 = -3*u - i*n, -1 = -u + n + n. Is (u/(-15))/(9/1935) composite?
False
Let r(k) = -k**2 - 11*k - 25. Let m be r(-4). Suppose -q + 3801 = 3*q + 5*x, m*q - 3*x - 2844 = 0. Is q a prime number?
False
Let b(l) = -23*l**2 - 4*l - l + 24*l**2. Let k be b(4). Is 422/(2/k*-4) prime?
True
Suppose -3*w + 1 = 5*j + 13, 4 = 5*j - w. Suppose j = 6*s - 544 + 130. Is s a composite number?
True
Suppose -36*f + 426552 = -486444. Is f prime?
False
Is ((-3)/(-6))/(5/67490) composite?
True
Suppose -5*r - 2*b + 74 = 0, -b - 3*b = 4*r - 64. Let g be (-4)/14 + (-486)/r. Let j = g + 61. Is j composite?
True
Let b = -3447 - -7558. Is b composite?
False
Let y = -5135 + 8692. Is y prime?
True
Suppose 61 = 2*r - 3*m - 13, 4*m = 3*r - 111. Let t(h) = h + 11. Let q be t(-37). Let n = q + r. Is n a prime number?
True
Suppose -3*n = 5*j - 92308, 37364 = 4*j - n - 36479. Is j prime?
True
Let y(b) = -b**3 - 2*b**2 + 1. Let t be y(1). Let o(p) = -190*p**2 + 6*p - 3. Let c(k) = -569*k**2 + 18*k - 8. Let d(q) = -6*c(q) + 17*o(q). Is d(t) composite?
True
Suppose 4*o + 8 = 2*p, 0*p - 3*o = 5*p - 33. Let b(y) = -y**3 + 10*y**2 + 8*y - 1. Let v(u) = -u**2 - u + 1. Let n(d) = p*v(d) + b(d). Is n(4) a prime number?
True
Let f = 2342 - -545. Is f composite?
False
Is ((-1310)/(-5))/((-3)/((-1308)/8)) prime?
False
Let y(t) = t**3 + 8*t**2 + 6*t - 7. Let z be y(-7). Let f be 9*-929 + z/(-3). Is (-4)/10 - f/15 a composite number?
False
Let i = 12 - 0. Let q(c) = -4 - 6*c**3 + 9 - 6*c + 5*c**3 + i*c**2. Is q(10) a composite number?
True
Let d(y) = 8*y**2 + 33*y - 92. Is d(-25) composite?
True
Let m = -255 + 138. Let u be -1*2 - m/3. Suppose -5*l - u = -3*q - 1, 4*l + 12 = 0. Is q a composite number?
False
Suppose -8*y - 9186 = -2986. Let f = y - -1802. Is f a prime number?
False
Let t be -2 + 4 - 1/(-1). Suppose -2 = -4*c + 5*n - t*n, 5*c - 40 = -5*n. Suppose -x = -c*x + 314. Is x a prime number?
True
Let q(p) = -12*p + 24. Let r be q(2). Suppose 4*t - 16 = -4*v, -4*v + 3*t + 12 = -v. Suppose -5*s + 2682 = 2*f - 0*s, 5*f - v*s - 6771 = r. Is f prime?
False
Let a(z) = 16*z**2 + 3*z - 3. Let d be a(1). Suppose 299 = -15*q + d*q. Is q a prime number?
False
Suppose 3*s - 1295 = -4*s. Let b(x) = -x**3 - x**2 + 3*x - 3. Let c be b(-3). Suppose s = -5*w + c*w. Is w composite?
True
Let c = 4131 - 2320. Is c a prime number?
True
Let u = 13 - 13. Suppose 0*g + g - 2 = u. Suppose k - 255 = -g*k. Is k composite?
True
Let v = -62 + 65. Suppose 0 = v*r + 4*b - 372 - 273, 0 = 3*b - 9. Is r composite?
False
Suppose -30 = -4*g - 2*g. Suppose -g*d = -0*d - 635. Is d a composite number?
False
Let q be (-2)/11 + (-90666)/(-22). Is q/8 + 17/(-136) a prime number?
False
Suppose -15 = -5*f + 4*c - 2*c, -2*f = -3*c - 6. Suppose 927 = r + 2*p, -4*r + 3763 = -0*p - f*p. Let y = -630 + r. Is y a composite number?
False
Suppose r = -1 + 6. Suppose -r*b + 733 = -3712. Is b composite?
True
Let q be (4/12)/(20/(-18) + 1). Is q/(-9) - ((-4200)/9 + -2) composite?
True
Let o = -3416 + 992. Let w = -1055 - o. Is w composite?
True
Suppose o = 3*t - 3366 - 2599, 3*o = -12. Is t a prime number?
True
Is (3 - -1)/4 - -4*1157 a prime number?
False
Suppose 726 = -4*k + 5*k. Let u = 1247 - k. Is u a composite number?
False
Let p be 2/(-3) + (-29)/(-3). Let q(n) = 279*n + 0 - 7 - 140*n + 5*n**2 - 3 - 137*n. Is q(p) a prime number?
False
Let p(c) = -26*c - 4*c**3 - 11 - 3*c**3 + 8*c**3 - 7*c**2. Is p(11) prime?
False
Suppose 13930 = z + 3*j, 0 = -18*z + 14*z + j + 55681. Is z a prime number?
True
Suppose 17*u = 18*u - 5. Suppose -h + a + 3668 = 4*a, -u*h + 5*a + 18280 = 0. Is h composite?
False
Suppose -4*x + 5*g = -2*x - 9, 0 = 3*x + g - 5. Let k(y) = -y**2 - 7*y - 1. Let p be k(-6). Suppose j = x, -4*b + 0*b + 134 = p*j. Is b a composite number?
False
Let o = 3106 + 41. Is o prime?
False
Let a(f) = 4*f**2 - f. Let k be a(1). Suppose 3*d + v = 764, -758 = -k*d + 2*v - 0*v. Suppose i = 3*i - d. Is i prime?
True
Let o(u) = -9*u - 6. Let m be o(-1). Suppose 3*s - 2931 = 3*a, m*s - 2*a - 2916 = 12. Is s prime?
False
Let q(g) = -269*g - 77. Is q(-30) a composite number?
False
Let m = -90 + 94. Suppose x + 2 + 0 = 0, m*u = 4*x + 1252. Is u a prime number?
True
Let n(y) = 18*y - 142*y - 73*y + 13 - 89*y. Is n(-3) prime?
False
Let g = -24 + 27. Is 2*(g + ((-17150)/(-4) - 4)) a composite number?
False
Let k = -377 - -6976. Is k a prime number?
True
Suppose -19*j + 24*j = 0. Let d = 1109 + -173. Suppose j = -5*p - g + d, p + 4*g - 752 = -3*p. Is p composite?
True
Let x(j) = j**2 + 10*j + 24. Let c be x(-7). Suppose i + 2*g - 562 = 0, g = c*i - 7*i + 2220. Is i a prime number?
False
Let v = -31506 - -55839. Is v a prime number?
False
Suppose 0 = b + 9*b - 68230. Is b composite?
False
Let a = 11388 + -5555. Is a a composite number?
True
Suppose 0 = -4*v + 9*l - 7*l + 1340, -4*l + 650 = 2*v. Suppose -5*c + z + 2*z + 1717 = 0, 2*z - v = -c. Is c prime?
False
Suppose 2*m + 2 = 10. Let j(y) = -y - 7. Let x be j(-7). Suppose -m*z = -x*z - 260. Is z a composite number?
True
Let y(u) = 986*u**2 - 53*u - 323. Is y(-6) a prime number?
True
Let g be 4/10*5 - 0. Suppose -41 - 13 = -g*n. Let p = 20 + n. Is p a prime number?
True
Let m = 19094 + -6839. Let s be 1 + -1 + m/(-15). Let y = s - -1431. Is y prime?
False
Suppose -7*i + 8*i = 28. Suppose t + i - 5 = 5*d, -2*t + 3*d = 11. Suppose t*a - 5*h = -0*a + 422, 4*a + 3*h = 896. Is a composite?
True
Let g = 47 + -42. Let o(k) = 138*k - 13. Is o(g) composite?
False
Let i = -177 - -2938. Is i a prime number?
False
Let n(k) = 43*k**3 - 5*k**2 + 8*k - 13. Is n(6) a prime number?
False
Is 26/169 + 367580/52 a composite number?
False
Let u be ((-9)/(-4))/(2/(-48)). Let h = 215 + u. Is h prime?
False
Suppose 782*p + 69348 = 788*p. Is p composite?
True
Suppose -315*q + 3033 = -306*q. Is q a composite number?
False
Is -42747*(2 - (2 + 10/6)) composite?
True
Suppose -5*y = -5*q + 10, -2*y - 2*q = q + 24. Is ((-3)/y*2)/(1/2885) a prime number?
False
Let k = -7 - -12. Let i(v) = 193*v - 6. Is i(k) a prime number?
False
Is (-15 - -7)/8*-853*1 a prime number?
True
Let o(q) = q**3 + 5*q**2 + 6*q + 8. Let s be o(-5). Is (3377/s)/(2/(-4)) composite?
False
Suppose -q = -2, 4*r = -0*